{"id":748,"date":"2026-03-04T07:41:10","date_gmt":"2026-03-04T07:41:10","guid":{"rendered":"https:\/\/bitcointalker.org\/?post_type=product&#038;p=748"},"modified":"2026-03-04T07:41:10","modified_gmt":"2026-03-04T07:41:10","slug":"mad-heaters-tempest-2","status":"publish","type":"product","link":"https:\/\/bitcointalker.org\/?product=mad-heaters-tempest-2","title":{"rendered":"Mad Heaters Tempest 2"},"content":{"rendered":"<div class=\"rh-product-highlights\">\n<ul>\n<li>Riscaldamento per convezione pura con nucleo di riscaldamento sostituibile<\/li>\n<li>Design modulare per regolare flusso d&#8217;aria e raffreddamento<\/li>\n<li>Compatibile con accendini torch e riscaldatori a induzione come l&#8217;iSpire Wand<\/li>\n<li>Costruzione in titanio e acciaio inossidabile di alta qualit\u00e0 per lunga durata<\/li>\n<li>Smontaggio senza attrezzi per pulizia e manutenzione semplici<\/li>\n<li>Riscaldamento su richiesta per controllo preciso della temperatura ed estrazione efficiente<\/li>\n<li>Design compatto e robusto per l&#8217;uso in mobilit\u00e0<\/li>\n<\/ul>\n<\/div>\n<div class=\"rh-product-description\">\n<p>Il Tempest 2 di Mad Heaters \u00e8 un vaporizzatore a convezione dal design modulare, pensato per offrire agli utenti esigenti il massimo controllo su temperatura ed estrazione. Il sistema di riscaldamento, con nucleo sostituibile e riempimento a sfere, garantisce una distribuzione uniforme del calore e un gusto pulito. Il concetto modulare consente di regolare con precisione il flusso d&#8217;aria e il raffreddamento, e il sistema \u00e8 compatibile con accendini torch e riscaldatori a induzione come l&#8217;iSpire Wand. Titanio e acciaio inox assicurano elevata robustezza, e lo smontaggio senza attrezzi facilita pulizia e manutenzione. Il riscaldamento su richiesta permette dosaggi precisi, rendendo il dispositivo adatto sia a un uso intensivo sia a sessioni finemente calibrate. \u00c8 rivolto a rivenditori e clienti che apprezzano qualit\u00e0 e facilit\u00e0 di manutenzione.<\/p>\n<\/div>\n<div class=\"rh-product-scope-of-delivery\">\n<h3>Contenuto della confezione<\/h3>\n<ul>\n<li>Mad Heaters Tempest 2<\/li>\n<li>Cappuccio di riscaldamento con nucleo di riscaldamento integrato<\/li>\n<li>Unit\u00e0 di raffreddamento V2<\/li>\n<li>Filtro della camera<\/li>\n<li>O-ring di ricambio<\/li>\n<li>Manuale d&#8217;uso<\/li>\n<\/ul>\n<\/div>\n","protected":false},"excerpt":{"rendered":"<div class=\"rh-product-highlights\">\n<ul>\n<li>Riscaldamento per convezione pura con nucleo di riscaldamento sostituibile<\/li>\n<li>Design modulare per regolare flusso d&#8217;aria e raffreddamento<\/li>\n<li>Compatibile con accendini torch e riscaldatori a induzione come l&#8217;iSpire Wand<\/li>\n<li>Costruzione in titanio e acciaio inossidabile di alta qualit\u00e0 per lunga durata<\/li>\n<li>Smontaggio senza attrezzi per pulizia e manutenzione semplici<\/li>\n<li>Riscaldamento su richiesta per controllo preciso della temperatura ed estrazione efficiente<\/li>\n<li>Design compatto e robusto per l&#8217;uso in mobilit\u00e0<\/li>\n<\/ul>\n<\/div>\n<div class=\"rh-product-description\">\n<p>Il Tempest 2 di Mad Heaters \u00e8 un vaporizzatore a convezione dal design modulare, pensato per offrire agli utenti esigenti il massimo controllo su temperatura ed estrazione. Il sistema di riscaldamento, con nucleo sostituibile e riempimento a sfere, garantisce una distribuzione uniforme del calore e un gusto pulito. Il concetto modulare consente di regolare con precisione il flusso d&#8217;aria e il raffreddamento, e il sistema \u00e8 compatibile con accendini torch e riscaldatori a induzione come l&#8217;iSpire Wand. Titanio e acciaio inox assicurano elevata robustezza, e lo smontaggio senza attrezzi facilita pulizia e manutenzione. Il riscaldamento su richiesta permette dosaggi precisi, rendendo il dispositivo adatto sia a un uso intensivo sia a sessioni finemente calibrate. \u00c8 rivolto a rivenditori e clienti che apprezzano qualit\u00e0 e facilit\u00e0 di manutenzione.<\/p>\n<\/div>\n<div class=\"rh-product-scope-of-delivery\">\n<h3>Contenuto della confezione<\/h3>\n<ul>\n<li>Mad Heaters Tempest 2<\/li>\n<li>Cappuccio di riscaldamento con nucleo di riscaldamento integrato<\/li>\n<li>Unit\u00e0 di raffreddamento V2<\/li>\n<li>Filtro della camera<\/li>\n<li>O-ring di ricambio<\/li>\n<li>Manuale d&#8217;uso<\/li>\n<\/ul>\n<\/div>\n","protected":false},"featured_media":749,"comment_status":"open","ping_status":"closed","template":"","meta":{"_bbp_topic_count":0,"_bbp_reply_count":0,"_bbp_total_topic_count":0,"_bbp_total_reply_count":0,"_bbp_voice_count":0,"_bbp_anonymous_reply_count":0,"_bbp_topic_count_hidden":0,"_bbp_reply_count_hidden":0,"_bbp_forum_subforum_count":0},"product_brand":[97],"product_cat":[33],"product_tag":[98],"class_list":{"0":"post-748","1":"product","2":"type-product","3":"status-publish","4":"has-post-thumbnail","6":"product_brand-mad-heaters","7":"product_cat-vaporizer","8":"product_tag-mad-heaters-tempest-2","10":"first","11":"instock","12":"taxable","13":"shipping-taxable","14":"purchasable","15":"product-type-simple"},"jetpack_sharing_enabled":true,"_links":{"self":[{"href":"https:\/\/bitcointalker.org\/index.php?rest_route=\/wp\/v2\/product\/748","targetHints":{"allow":["GET"]}}],"collection":[{"href":"https:\/\/bitcointalker.org\/index.php?rest_route=\/wp\/v2\/product"}],"about":[{"href":"https:\/\/bitcointalker.org\/index.php?rest_route=\/wp\/v2\/types\/product"}],"replies":[{"embeddable":true,"href":"https:\/\/bitcointalker.org\/index.php?rest_route=%2Fwp%2Fv2%2Fcomments&post=748"}],"wp:featuredmedia":[{"embeddable":true,"href":"https:\/\/bitcointalker.org\/index.php?rest_route=\/wp\/v2\/media\/749"}],"wp:attachment":[{"href":"https:\/\/bitcointalker.org\/index.php?rest_route=%2Fwp%2Fv2%2Fmedia&parent=748"}],"wp:term":[{"taxonomy":"product_brand","embeddable":true,"href":"https:\/\/bitcointalker.org\/index.php?rest_route=%2Fwp%2Fv2%2Fproduct_brand&post=748"},{"taxonomy":"product_cat","embeddable":true,"href":"https:\/\/bitcointalker.org\/index.php?rest_route=%2Fwp%2Fv2%2Fproduct_cat&post=748"},{"taxonomy":"product_tag","embeddable":true,"href":"https:\/\/bitcointalker.org\/index.php?rest_route=%2Fwp%2Fv2%2Fproduct_tag&post=748"}],"curies":[{"name":"wp","href":"https:\/\/api.w.org\/{rel}","templated":true}]}}