{"id":496,"date":"2026-02-15T16:26:32","date_gmt":"2026-02-15T16:26:32","guid":{"rendered":"https:\/\/bitcointalker.org\/?post_type=product&#038;p=496"},"modified":"2026-02-15T16:26:38","modified_gmt":"2026-02-15T16:26:38","slug":"arizer-solo-2-max","status":"publish","type":"product","link":"https:\/\/bitcointalker.org\/?product=arizer-solo-2-max","title":{"rendered":"Arizer Solo 2 Max"},"content":{"rendered":"<p>Il Solo 2 Max rappresenta una nuova era di vaporizzatori portatili, con una durata della batteria fino a 3 ore e la possibilit\u00e0 di utilizzarlo durante la ricarica. Il suo design con un percorso dell&#8217;aria isolato e un tubo di vapore in vetro promette un&#8217;esperienza di sapore superiore, attivando in modo ottimale i profili terpenici naturali.<\/p>\n<p>Le opzioni di personalizzazione attraverso le impostazioni di sessione personalizzate, insieme al sistema operativo di facile utilizzo e al display OLED, offrono un controllo completo con una regolazione precisa della temperatura. Solo II memorizza le impostazioni preferite per la prossima volta.<\/p>\n<p>Grazie all&#8217;utilizzo di puro vetro borosilicato per il percorso dell&#8217;aria e del vapore, gli aromi e i terpeni vengono accentuati in modo eccellente, mentre l&#8217;avanzata tecnologia di riscaldamento in ceramica di Arizer garantisce un&#8217;estrazione efficiente. Solo II \u00e8 la scelta perfetta per i viaggi, grazie alla batteria di lunga durata e alla pratica custodia per il trasporto.<\/p>\n<p>Arizer, pioniere nel settore dei vaporizzatori dal 2005, si \u00e8 affermato come punto di riferimento per qualit\u00e0 e prestazioni grazie a una ricerca costante e a un design innovativo. Prodotti di alta qualit\u00e0, prezzi accessibili e un eccellente servizio clienti completano la gamma. Il Solo 2 Max \u00e8 un invito a tutti gli intenditori a prendere il controllo della propria esperienza di svapo e a godere di un sapore puro e intenso.<\/p>\n<h3>Contenuto della fornitura<\/h3>\n<ul>\n<li>1 x Solo II MAX<\/li>\n<li>1 x caricatore USB-C (5V, 3A)<\/li>\n<li>1 x bocchino in vetro Air \/ Solo (110 mm)<\/li>\n<li>1 x tubo per aromi in vetro smerigliato Air \/ Solo (14 mm)<\/li>\n<li>2 x tappo a stelo Air \/ Solo<\/li>\n<li>1 x tubo da viaggio in PVC con tappo (110 mm)<\/li>\n<li>1 x tubo in PVC con tappo (70 mm)<\/li>\n<li>1 x strumento di agitazione in acciaio inox<\/li>\n<li>4 x setaccio in acciaio Air \/ Solo<\/li>\n<li>1 x Manuale di istruzioni per Solo II MAX<\/li>\n<\/ul>\n","protected":false},"excerpt":{"rendered":"<p>Il Solo 2 Max rappresenta una nuova era di vaporizzatori portatili, con una durata della batteria fino a 3 ore e la possibilit\u00e0 di utilizzarlo durante la ricarica. Il suo design con un percorso dell&#8217;aria isolato e un tubo di vapore in vetro promette un&#8217;esperienza di sapore superiore, attivando in modo ottimale i profili terpenici naturali.<\/p>\n<p>Le opzioni di personalizzazione attraverso le impostazioni di sessione personalizzate, insieme al sistema operativo di facile utilizzo e al display OLED, offrono un controllo completo con una regolazione precisa della temperatura. Solo II memorizza le impostazioni preferite per la prossima volta.<\/p>\n<p>Grazie all&#8217;utilizzo di puro vetro borosilicato per il percorso dell&#8217;aria e del vapore, gli aromi e i terpeni vengono accentuati in modo eccellente, mentre l&#8217;avanzata tecnologia di riscaldamento in ceramica di Arizer garantisce un&#8217;estrazione efficiente. Solo II \u00e8 la scelta perfetta per i viaggi, grazie alla batteria di lunga durata e alla pratica custodia per il trasporto.<\/p>\n<p>Arizer, pioniere nel settore dei vaporizzatori dal 2005, si \u00e8 affermato come punto di riferimento per qualit\u00e0 e prestazioni grazie a una ricerca costante e a un design innovativo. Prodotti di alta qualit\u00e0, prezzi accessibili e un eccellente servizio clienti completano la gamma. Il Solo 2 Max \u00e8 un invito a tutti gli intenditori a prendere il controllo della propria esperienza di svapo e a godere di un sapore puro e intenso.<\/p>\n<h3>Contenuto della fornitura<\/h3>\n<ul>\n<li>1 x Solo II MAX<\/li>\n<li>1 x caricatore USB-C (5V, 3A)<\/li>\n<li>1 x bocchino in vetro Air \/ Solo (110 mm)<\/li>\n<li>1 x tubo per aromi in vetro smerigliato Air \/ Solo (14 mm)<\/li>\n<li>2 x tappo a stelo Air \/ Solo<\/li>\n<li>1 x tubo da viaggio in PVC con tappo (110 mm)<\/li>\n<li>1 x tubo in PVC con tappo (70 mm)<\/li>\n<li>1 x strumento di agitazione in acciaio inox<\/li>\n<li>4 x setaccio in acciaio Air \/ Solo<\/li>\n<li>1 x Manuale di istruzioni per Solo II MAX<\/li>\n<\/ul>\n","protected":false},"featured_media":497,"comment_status":"open","ping_status":"closed","template":"","meta":{"_bbp_topic_count":0,"_bbp_reply_count":0,"_bbp_total_topic_count":0,"_bbp_total_reply_count":0,"_bbp_voice_count":0,"_bbp_anonymous_reply_count":0,"_bbp_topic_count_hidden":0,"_bbp_reply_count_hidden":0,"_bbp_forum_subforum_count":0},"product_brand":[46],"product_cat":[33],"product_tag":[67],"class_list":{"0":"post-496","1":"product","2":"type-product","3":"status-publish","4":"has-post-thumbnail","6":"product_brand-arizer","7":"product_cat-vaporizer","8":"product_tag-arizer-solo-2-max","10":"first","11":"instock","12":"taxable","13":"shipping-taxable","14":"purchasable","15":"product-type-simple"},"jetpack_sharing_enabled":true,"_links":{"self":[{"href":"https:\/\/bitcointalker.org\/index.php?rest_route=\/wp\/v2\/product\/496","targetHints":{"allow":["GET"]}}],"collection":[{"href":"https:\/\/bitcointalker.org\/index.php?rest_route=\/wp\/v2\/product"}],"about":[{"href":"https:\/\/bitcointalker.org\/index.php?rest_route=\/wp\/v2\/types\/product"}],"replies":[{"embeddable":true,"href":"https:\/\/bitcointalker.org\/index.php?rest_route=%2Fwp%2Fv2%2Fcomments&post=496"}],"wp:featuredmedia":[{"embeddable":true,"href":"https:\/\/bitcointalker.org\/index.php?rest_route=\/wp\/v2\/media\/497"}],"wp:attachment":[{"href":"https:\/\/bitcointalker.org\/index.php?rest_route=%2Fwp%2Fv2%2Fmedia&parent=496"}],"wp:term":[{"taxonomy":"product_brand","embeddable":true,"href":"https:\/\/bitcointalker.org\/index.php?rest_route=%2Fwp%2Fv2%2Fproduct_brand&post=496"},{"taxonomy":"product_cat","embeddable":true,"href":"https:\/\/bitcointalker.org\/index.php?rest_route=%2Fwp%2Fv2%2Fproduct_cat&post=496"},{"taxonomy":"product_tag","embeddable":true,"href":"https:\/\/bitcointalker.org\/index.php?rest_route=%2Fwp%2Fv2%2Fproduct_tag&post=496"}],"curies":[{"name":"wp","href":"https:\/\/api.w.org\/{rel}","templated":true}]}}