{"id":406,"date":"2026-02-09T16:17:18","date_gmt":"2026-02-09T16:17:18","guid":{"rendered":"https:\/\/bitcointalker.org\/?post_type=product&#038;p=406"},"modified":"2026-02-15T01:04:22","modified_gmt":"2026-02-15T01:04:22","slug":"venty-storz-bickel-vaporizer","status":"publish","type":"product","link":"https:\/\/bitcointalker.org\/?product=venty-storz-bickel-vaporizer","title":{"rendered":"Storz &#038; Bickel Venty"},"content":{"rendered":"<div class=\"rh-product-highlights\">\n<ul>\n<li>Flusso d&#8217;aria regolabile fino a 20 litri al minuto<\/li>\n<li>Tempo di riscaldamento di soli 20 secondi<\/li>\n<li>Mini-resistenza combinata per convezione e conduzione senza combustione<\/li>\n<li>Controllo preciso della temperatura da 40 \u00b0C a 210 \u00b0C<\/li>\n<li>Ricarica USB-C con Supercharge: 80 % in 40 minuti<\/li>\n<li>Connettivit\u00e0 Bluetooth e controllo tramite Web-App<\/li>\n<li>Alimentato da due batterie agli ioni di litio ad alte prestazioni<\/li>\n<\/ul>\n<\/div>\n<div class=\"rh-product-description\">\n<p>Il VENTY \u00e8 un dispositivo particolarmente veloce ed efficiente che introduce per la prima volta un flusso d&#8217;aria regolabile per adattare le inalazioni. Combina una nuova mini-resistenza per convezione e conduzione che evita la combustione e produce vapori aromatici. Con un tempo di riscaldamento di 20 secondi, un controllo preciso della temperatura da 40 \u00b0C a 210 \u00b0C e connettivit\u00e0 Bluetooth con controllo tramite Web-App, l&#8217;unit\u00e0 \u00e8 adatta a impieghi flessibili. La funzione Supercharge consente una ricarica USB-C rapida fino all&#8217;80 % in 40 minuti e richiede una fonte di alimentazione di +15V a 3A. Il dispositivo \u00e8 certificato UL e dispone di funzioni booster per maggior comfort. Due batterie agli ioni di litio ad alte prestazioni assicurano energia per pi\u00f9 sessioni.<\/p>\n<\/div>\n<div class=\"rh-product-scope-of-delivery\">\n<h3>Contenuto della confezione<\/h3>\n<ul>\n<li>Venty<\/li>\n<li>Cavo USB-C con connettore USB-C<\/li>\n<li>Filtro standard piccolo 2x<\/li>\n<li>Filtro grosso piccolo 3x<\/li>\n<li>Filtro dell&#8217;unit\u00e0 di raffreddamento 2x<\/li>\n<li>O-ring \u00d89&#215;1,5 mm 2x<\/li>\n<li>Utensile per camera di riempimento<\/li>\n<li>Spazzola per la pulizia<\/li>\n<li>Guida rapida all&#8217;uso<\/li>\n<\/ul>\n<\/div>\n<div class=\"rh-product-warranty\">\n<h3>Garanzia<\/h3>\n<p>2 anni di garanzia, estendibile a 3 anni previa registrazione.<\/p>\n<\/div>\n","protected":false},"excerpt":{"rendered":"<div class=\"rh-product-highlights\">\n<ul>\n<li>Flusso d&#8217;aria regolabile fino a 20 litri al minuto<\/li>\n<li>Tempo di riscaldamento di soli 20 secondi<\/li>\n<li>Mini-resistenza combinata per convezione e conduzione senza combustione<\/li>\n<li>Controllo preciso della temperatura da 40 \u00b0C a 210 \u00b0C<\/li>\n<li>Ricarica USB-C con Supercharge: 80 % in 40 minuti<\/li>\n<li>Connettivit\u00e0 Bluetooth e controllo tramite Web-App<\/li>\n<li>Alimentato da due batterie agli ioni di litio ad alte prestazioni<\/li>\n<\/ul>\n<\/div>\n<div class=\"rh-product-description\">\n<p>Il VENTY \u00e8 un dispositivo particolarmente veloce ed efficiente che introduce per la prima volta un flusso d&#8217;aria regolabile per adattare le inalazioni. Combina una nuova mini-resistenza per convezione e conduzione che evita la combustione e produce vapori aromatici. Con un tempo di riscaldamento di 20 secondi, un controllo preciso della temperatura da 40 \u00b0C a 210 \u00b0C e connettivit\u00e0 Bluetooth con controllo tramite Web-App, l&#8217;unit\u00e0 \u00e8 adatta a impieghi flessibili. La funzione Supercharge consente una ricarica USB-C rapida fino all&#8217;80 % in 40 minuti e richiede una fonte di alimentazione di +15V a 3A. Il dispositivo \u00e8 certificato UL e dispone di funzioni booster per maggior comfort. Due batterie agli ioni di litio ad alte prestazioni assicurano energia per pi\u00f9 sessioni.<\/p>\n<\/div>\n<div class=\"rh-product-scope-of-delivery\">\n<h3>Contenuto della confezione<\/h3>\n<ul>\n<li>Venty<\/li>\n<li>Cavo USB-C con connettore USB-C<\/li>\n<li>Filtro standard piccolo 2x<\/li>\n<li>Filtro grosso piccolo 3x<\/li>\n<li>Filtro dell&#8217;unit\u00e0 di raffreddamento 2x<\/li>\n<li>O-ring \u00d89&#215;1,5 mm 2x<\/li>\n<li>Utensile per camera di riempimento<\/li>\n<li>Spazzola per la pulizia<\/li>\n<li>Guida rapida all&#8217;uso<\/li>\n<\/ul>\n<\/div>\n<div class=\"rh-product-warranty\">\n<h3>Garanzia<\/h3>\n<p>2 anni di garanzia, estendibile a 3 anni previa registrazione.<\/p>\n<\/div>\n","protected":false},"featured_media":407,"comment_status":"open","ping_status":"closed","template":"","meta":{"_bbp_topic_count":0,"_bbp_reply_count":0,"_bbp_total_topic_count":0,"_bbp_total_reply_count":0,"_bbp_voice_count":0,"_bbp_anonymous_reply_count":0,"_bbp_topic_count_hidden":0,"_bbp_reply_count_hidden":0,"_bbp_forum_subforum_count":0},"product_brand":[51],"product_cat":[33],"product_tag":[55],"class_list":{"0":"post-406","1":"product","2":"type-product","3":"status-publish","4":"has-post-thumbnail","6":"product_brand-storz-bickel","7":"product_cat-vaporizer","8":"product_tag-venty-storz-bickel-vaporizer","10":"first","11":"instock","12":"sale","13":"taxable","14":"shipping-taxable","15":"purchasable","16":"product-type-simple"},"jetpack_sharing_enabled":true,"_links":{"self":[{"href":"https:\/\/bitcointalker.org\/index.php?rest_route=\/wp\/v2\/product\/406","targetHints":{"allow":["GET"]}}],"collection":[{"href":"https:\/\/bitcointalker.org\/index.php?rest_route=\/wp\/v2\/product"}],"about":[{"href":"https:\/\/bitcointalker.org\/index.php?rest_route=\/wp\/v2\/types\/product"}],"replies":[{"embeddable":true,"href":"https:\/\/bitcointalker.org\/index.php?rest_route=%2Fwp%2Fv2%2Fcomments&post=406"}],"wp:featuredmedia":[{"embeddable":true,"href":"https:\/\/bitcointalker.org\/index.php?rest_route=\/wp\/v2\/media\/407"}],"wp:attachment":[{"href":"https:\/\/bitcointalker.org\/index.php?rest_route=%2Fwp%2Fv2%2Fmedia&parent=406"}],"wp:term":[{"taxonomy":"product_brand","embeddable":true,"href":"https:\/\/bitcointalker.org\/index.php?rest_route=%2Fwp%2Fv2%2Fproduct_brand&post=406"},{"taxonomy":"product_cat","embeddable":true,"href":"https:\/\/bitcointalker.org\/index.php?rest_route=%2Fwp%2Fv2%2Fproduct_cat&post=406"},{"taxonomy":"product_tag","embeddable":true,"href":"https:\/\/bitcointalker.org\/index.php?rest_route=%2Fwp%2Fv2%2Fproduct_tag&post=406"}],"curies":[{"name":"wp","href":"https:\/\/api.w.org\/{rel}","templated":true}]}}