{"id":391,"date":"2026-02-03T09:38:10","date_gmt":"2026-02-03T09:38:10","guid":{"rendered":"https:\/\/bitcointalker.org\/?post_type=product&#038;p=391"},"modified":"2026-02-03T09:38:11","modified_gmt":"2026-02-03T09:38:11","slug":"dynavap-the-m7-xl","status":"publish","type":"product","link":"https:\/\/bitcointalker.org\/?product=dynavap-the-m7-xl","title":{"rendered":"DynaVap The M7 XL"},"content":{"rendered":"<p>Ora in una nuova confezione: una robusta scatola di latta protegge il vaporizzatore DynaVap e gli accessori.<\/p>\n<p>DynaVap VapCap M7 \u00e8 uno dei vaporizzatori pi\u00f9 piccoli ed efficaci sul mercato. Con le sue dimensioni da sigaretta e il suo funzionamento semplice, offre una soluzione pratica per lo svapo. Il tappo anteriore si riscalda preferibilmente con un accendino a getto, ma \u00e8 possibile utilizzare anche altre fonti di calore come accendini convenzionali, candele o persino la luce del sole.<\/p>\n<p>Una nota utile: l&#8217;uso di accendini tradizionali pu\u00f2 portare alla formazione di fuliggine e pu\u00f2 richiedere un po&#8217; pi\u00f9 di tempo per raggiungere la temperatura desiderata. Utilizzando la parte blu della fiamma, la formazione di fuliggine pu\u00f2 essere ridotta e la fuliggine pu\u00f2 essere facilmente rimossa direttamente dopo l&#8217;uso. Si noti che i combustibili con un contenuto di carbonio possono produrre fuliggine se la combustione \u00e8 incompleta.<\/p>\n<p>Il tappo bimetallico produce un clic udibile non appena viene raggiunta la temperatura di vaporizzazione ottimale, segnalando l&#8217;inizio del godimento. Dopo qualche boccata, il tappo fa di nuovo clic per indicare che \u00e8 necessario riscaldare.<\/p>\n<p>Come tutti i DynaVap VapCaps, la &#8220;M&#8221; \u00e8 dotata del tappo indicatore di temperatura brevettato DynaVap e offre la compatibilit\u00e0 con un&#8217;ampia gamma di prodotti e componenti DynaVap grazie al suo design modulare.<\/p>\n<p>La versione migliorata del DynaVap VapCap M per il 2024, nota come M7 e M7XL, presenta alcuni miglioramenti significativi. L&#8217;M7 \u00e8 disponibile in due varianti: una versione corta, che ha le stesse dimensioni delle versioni M precedenti, e una versione M7XL leggermente pi\u00f9 lunga con un bocchino aggiuntivo. Entrambe le versioni sono realizzate in acciaio inossidabile e vengono fornite con il tappo preinstallato.<\/p>\n<p>I miglioramenti includono una nuova punta con una massa maggiore, che rilascia meno calore nel fusto per un&#8217;esperienza ancora pi\u00f9 fluida, e una punta con un nuovo &#8220;Septa Serrated Slicer&#8221; che sminuzza efficacemente le erbe. La punta senza alette riduce l&#8217;accumulo di calore e migliora la ritenzione del calore durante l&#8217;inalazione, mentre la riduzione dei punti caldi e il miglioramento del funzionamento aumentano la facilit\u00e0 d&#8217;uso.<\/p>\n<p>La funzione Adjust-a-Bowl consente un dosaggio pi\u00f9 preciso, mentre il nuovo design dello stelo, a forma di motivo strutturato, conferisce al dispositivo un aspetto moderno. L&#8217;M7 \u00e8 ancora direttamente compatibile con qualsiasi filtro dell&#8217;acqua da 10 mm e il nuovo aeroporto migliorato consente un controllo intuitivo del flusso d&#8217;aria.<\/p>\n<p>L&#8217;M7XL \u00e8 dotato di un nuovo gruppo condensatore Moutpiece compatibile con tutti i precedenti DynaVap TED.<\/p>\n","protected":false},"excerpt":{"rendered":"<p>Ora in una nuova confezione: una robusta scatola di latta protegge il vaporizzatore DynaVap e gli accessori.<\/p>\n<p>DynaVap VapCap M7 \u00e8 uno dei vaporizzatori pi\u00f9 piccoli ed efficaci sul mercato. Con le sue dimensioni da sigaretta e il suo funzionamento semplice, offre una soluzione pratica per lo svapo. Il tappo anteriore si riscalda preferibilmente con un accendino a getto, ma \u00e8 possibile utilizzare anche altre fonti di calore come accendini convenzionali, candele o persino la luce del sole.<\/p>\n<p>Una nota utile: l&#8217;uso di accendini tradizionali pu\u00f2 portare alla formazione di fuliggine e pu\u00f2 richiedere un po&#8217; pi\u00f9 di tempo per raggiungere la temperatura desiderata. Utilizzando la parte blu della fiamma, la formazione di fuliggine pu\u00f2 essere ridotta e la fuliggine pu\u00f2 essere facilmente rimossa direttamente dopo l&#8217;uso. Si noti che i combustibili con un contenuto di carbonio possono produrre fuliggine se la combustione \u00e8 incompleta.<\/p>\n<p>Il tappo bimetallico produce un clic udibile non appena viene raggiunta la temperatura di vaporizzazione ottimale, segnalando l&#8217;inizio del godimento. Dopo qualche boccata, il tappo fa di nuovo clic per indicare che \u00e8 necessario riscaldare.<\/p>\n<p>Come tutti i DynaVap VapCaps, la &#8220;M&#8221; \u00e8 dotata del tappo indicatore di temperatura brevettato DynaVap e offre la compatibilit\u00e0 con un&#8217;ampia gamma di prodotti e componenti DynaVap grazie al suo design modulare.<\/p>\n<p>La versione migliorata del DynaVap VapCap M per il 2024, nota come M7 e M7XL, presenta alcuni miglioramenti significativi. L&#8217;M7 \u00e8 disponibile in due varianti: una versione corta, che ha le stesse dimensioni delle versioni M precedenti, e una versione M7XL leggermente pi\u00f9 lunga con un bocchino aggiuntivo. Entrambe le versioni sono realizzate in acciaio inossidabile e vengono fornite con il tappo preinstallato.<\/p>\n<p>I miglioramenti includono una nuova punta con una massa maggiore, che rilascia meno calore nel fusto per un&#8217;esperienza ancora pi\u00f9 fluida, e una punta con un nuovo &#8220;Septa Serrated Slicer&#8221; che sminuzza efficacemente le erbe. La punta senza alette riduce l&#8217;accumulo di calore e migliora la ritenzione del calore durante l&#8217;inalazione, mentre la riduzione dei punti caldi e il miglioramento del funzionamento aumentano la facilit\u00e0 d&#8217;uso.<\/p>\n<p>La funzione Adjust-a-Bowl consente un dosaggio pi\u00f9 preciso, mentre il nuovo design dello stelo, a forma di motivo strutturato, conferisce al dispositivo un aspetto moderno. L&#8217;M7 \u00e8 ancora direttamente compatibile con qualsiasi filtro dell&#8217;acqua da 10 mm e il nuovo aeroporto migliorato consente un controllo intuitivo del flusso d&#8217;aria.<\/p>\n<p>L&#8217;M7XL \u00e8 dotato di un nuovo gruppo condensatore Moutpiece compatibile con tutti i precedenti DynaVap TED.<\/p>\n","protected":false},"featured_media":392,"comment_status":"open","ping_status":"closed","template":"","meta":{"_bbp_topic_count":0,"_bbp_reply_count":0,"_bbp_total_topic_count":0,"_bbp_total_reply_count":0,"_bbp_voice_count":0,"_bbp_anonymous_reply_count":0,"_bbp_topic_count_hidden":0,"_bbp_reply_count_hidden":0,"_bbp_forum_subforum_count":0},"product_brand":[53],"product_cat":[33],"product_tag":[54],"class_list":{"0":"post-391","1":"product","2":"type-product","3":"status-publish","4":"has-post-thumbnail","6":"product_brand-dynavap","7":"product_cat-vaporizer","8":"product_tag-dynavap-the-m7-xl","10":"first","11":"instock","12":"taxable","13":"shipping-taxable","14":"purchasable","15":"product-type-simple"},"jetpack_sharing_enabled":true,"_links":{"self":[{"href":"https:\/\/bitcointalker.org\/index.php?rest_route=\/wp\/v2\/product\/391","targetHints":{"allow":["GET"]}}],"collection":[{"href":"https:\/\/bitcointalker.org\/index.php?rest_route=\/wp\/v2\/product"}],"about":[{"href":"https:\/\/bitcointalker.org\/index.php?rest_route=\/wp\/v2\/types\/product"}],"replies":[{"embeddable":true,"href":"https:\/\/bitcointalker.org\/index.php?rest_route=%2Fwp%2Fv2%2Fcomments&post=391"}],"wp:featuredmedia":[{"embeddable":true,"href":"https:\/\/bitcointalker.org\/index.php?rest_route=\/wp\/v2\/media\/392"}],"wp:attachment":[{"href":"https:\/\/bitcointalker.org\/index.php?rest_route=%2Fwp%2Fv2%2Fmedia&parent=391"}],"wp:term":[{"taxonomy":"product_brand","embeddable":true,"href":"https:\/\/bitcointalker.org\/index.php?rest_route=%2Fwp%2Fv2%2Fproduct_brand&post=391"},{"taxonomy":"product_cat","embeddable":true,"href":"https:\/\/bitcointalker.org\/index.php?rest_route=%2Fwp%2Fv2%2Fproduct_cat&post=391"},{"taxonomy":"product_tag","embeddable":true,"href":"https:\/\/bitcointalker.org\/index.php?rest_route=%2Fwp%2Fv2%2Fproduct_tag&post=391"}],"curies":[{"name":"wp","href":"https:\/\/api.w.org\/{rel}","templated":true}]}}