{"id":361,"date":"2026-02-01T21:24:33","date_gmt":"2026-02-01T21:24:33","guid":{"rendered":"https:\/\/bitcointalker.org\/?post_type=product&#038;p=361"},"modified":"2026-02-15T01:04:52","modified_gmt":"2026-02-15T01:04:52","slug":"veazy-vaporizer-storz-bickel","status":"publish","type":"product","link":"https:\/\/bitcointalker.org\/?product=veazy-vaporizer-storz-bickel","title":{"rendered":"Storz &#038; Bickel Veazy"},"content":{"rendered":"<p>Il vaporizzatore Veazy di Storz &amp; Bickel offre un&#8217;esperienza di vaping portatile e facile da usare ed \u00e8 il modello pi\u00f9 compatto del marchio premium. Con il suo design colorato, il funzionamento intuitivo e la comprovata qualit\u00e0 &#8220;Made in Germany&#8221;, si rivolge in particolare ai principianti e a tutti coloro che apprezzano il massimo divertimento in movimento.<\/p>\n<p>L&#8217;apparecchio \u00e8 dotato delle pratiche funzioni booster e superbooster che si attivano con un doppio clic. In questo modo \u00e8 possibile aumentare la temperatura di 15 \u00b0C alla volta prima di tornare automaticamente al valore iniziale dopo 90 secondi. Una combinazione di vibrazione e segnale LED informa l&#8217;utente del raggiungimento della temperatura desiderata.<\/p>\n<p>Gli utenti possono personalizzare il Veazy tramite l&#8217;applicazione web di Storz &amp; Bickel. Oltre a un&#8217;impostazione della temperatura precisa al grado, \u00e8 possibile regolare le temperature di base, boost e super boost e attivare una modalit\u00e0 &#8220;boost permanente&#8221;. In questo modo il vaporizzatore pu\u00f2 essere adattato in modo flessibile alle preferenze personali.<\/p>\n<p>Veazy \u00e8 stato progettato appositamente per la mobilit\u00e0 e la semplicit\u00e0. \u00c8 ultraleggero, compatto e subito pronto all&#8217;uso &#8211; ma non durante la ricarica, poich\u00e9 non \u00e8 prevista la funzione pass-through. La sua robustezza e qualit\u00e0 lo rendono il compagno di viaggio ideale.<\/p>\n<h3>Caratteristiche principali<\/h3>\n<ul>\n<li>Il pi\u00f9 compatto vaporizzatore Storz &amp; Bickel<\/li>\n<li>Tecnologia di riscaldamento combinata a convezione e conduzione<\/li>\n<li>Controllo intuitivo con booster (+15 \u00b0C) e super booster (+15 \u00b0C)<\/li>\n<li>Vibrazione e segnale LED al raggiungimento della temperatura target<\/li>\n<li>Regolazione personalizzata tramite la web app Storz &amp; Bickel<\/li>\n<li>Controllo della temperatura preciso al grado e modalit\u00e0 &#8220;Boost permanente&#8221;.<\/li>\n<li>Design colorato, leggero e mobile<\/li>\n<li>Bassa resistenza alle correnti d&#8217;aria con un flusso d&#8217;aria di 10 litri\/minuto<\/li>\n<li>Struttura robusta &#8211; sviluppata e prodotta in Germania<\/li>\n<\/ul>\n<h3>Contenuto della fornitura<\/h3>\n<ul>\n<li>1 vaporizzatore Veazy<\/li>\n<li>1 cavo di ricarica USB-C<\/li>\n<li>1x strumento di pulizia<\/li>\n<li>1x spazzola di pulizia<\/li>\n<li>1x capsula di dosaggio<\/li>\n<li>3x setaccio di ricambio<\/li>\n<li>2x guarnizione di ricambio del boccaglio<\/li>\n<\/ul>\n","protected":false},"excerpt":{"rendered":"<p>Il vaporizzatore Veazy di Storz &amp; Bickel offre un&#8217;esperienza di vaping portatile e facile da usare ed \u00e8 il modello pi\u00f9 compatto del marchio premium. Con il suo design colorato, il funzionamento intuitivo e la comprovata qualit\u00e0 &#8220;Made in Germany&#8221;, si rivolge in particolare ai principianti e a tutti coloro che apprezzano il massimo divertimento in movimento.<\/p>\n<p>L&#8217;apparecchio \u00e8 dotato delle pratiche funzioni booster e superbooster che si attivano con un doppio clic. In questo modo \u00e8 possibile aumentare la temperatura di 15 \u00b0C alla volta prima di tornare automaticamente al valore iniziale dopo 90 secondi. Una combinazione di vibrazione e segnale LED informa l&#8217;utente del raggiungimento della temperatura desiderata.<\/p>\n<p>Gli utenti possono personalizzare il Veazy tramite l&#8217;applicazione web di Storz &amp; Bickel. Oltre a un&#8217;impostazione della temperatura precisa al grado, \u00e8 possibile regolare le temperature di base, boost e super boost e attivare una modalit\u00e0 &#8220;boost permanente&#8221;. In questo modo il vaporizzatore pu\u00f2 essere adattato in modo flessibile alle preferenze personali.<\/p>\n<p>Veazy \u00e8 stato progettato appositamente per la mobilit\u00e0 e la semplicit\u00e0. \u00c8 ultraleggero, compatto e subito pronto all&#8217;uso &#8211; ma non durante la ricarica, poich\u00e9 non \u00e8 prevista la funzione pass-through. La sua robustezza e qualit\u00e0 lo rendono il compagno di viaggio ideale.<\/p>\n<h3>Caratteristiche principali<\/h3>\n<ul>\n<li>Il pi\u00f9 compatto vaporizzatore Storz &amp; Bickel<\/li>\n<li>Tecnologia di riscaldamento combinata a convezione e conduzione<\/li>\n<li>Controllo intuitivo con booster (+15 \u00b0C) e super booster (+15 \u00b0C)<\/li>\n<li>Vibrazione e segnale LED al raggiungimento della temperatura target<\/li>\n<li>Regolazione personalizzata tramite la web app Storz &amp; Bickel<\/li>\n<li>Controllo della temperatura preciso al grado e modalit\u00e0 &#8220;Boost permanente&#8221;.<\/li>\n<li>Design colorato, leggero e mobile<\/li>\n<li>Bassa resistenza alle correnti d&#8217;aria con un flusso d&#8217;aria di 10 litri\/minuto<\/li>\n<li>Struttura robusta &#8211; sviluppata e prodotta in Germania<\/li>\n<\/ul>\n<h3>Contenuto della fornitura<\/h3>\n<ul>\n<li>1 vaporizzatore Veazy<\/li>\n<li>1 cavo di ricarica USB-C<\/li>\n<li>1x strumento di pulizia<\/li>\n<li>1x spazzola di pulizia<\/li>\n<li>1x capsula di dosaggio<\/li>\n<li>3x setaccio di ricambio<\/li>\n<li>2x guarnizione di ricambio del boccaglio<\/li>\n<\/ul>\n","protected":false},"featured_media":362,"comment_status":"open","ping_status":"closed","template":"","meta":{"_bbp_topic_count":0,"_bbp_reply_count":0,"_bbp_total_topic_count":0,"_bbp_total_reply_count":0,"_bbp_voice_count":0,"_bbp_anonymous_reply_count":0,"_bbp_topic_count_hidden":0,"_bbp_reply_count_hidden":0,"_bbp_forum_subforum_count":0},"product_brand":[51],"product_cat":[33],"product_tag":[52],"class_list":{"0":"post-361","1":"product","2":"type-product","3":"status-publish","4":"has-post-thumbnail","6":"product_brand-storz-bickel","7":"product_cat-vaporizer","8":"product_tag-veazy-vaporizer-storz-bickel","10":"first","11":"instock","12":"taxable","13":"shipping-taxable","14":"purchasable","15":"product-type-simple"},"jetpack_sharing_enabled":true,"_links":{"self":[{"href":"https:\/\/bitcointalker.org\/index.php?rest_route=\/wp\/v2\/product\/361","targetHints":{"allow":["GET"]}}],"collection":[{"href":"https:\/\/bitcointalker.org\/index.php?rest_route=\/wp\/v2\/product"}],"about":[{"href":"https:\/\/bitcointalker.org\/index.php?rest_route=\/wp\/v2\/types\/product"}],"replies":[{"embeddable":true,"href":"https:\/\/bitcointalker.org\/index.php?rest_route=%2Fwp%2Fv2%2Fcomments&post=361"}],"wp:featuredmedia":[{"embeddable":true,"href":"https:\/\/bitcointalker.org\/index.php?rest_route=\/wp\/v2\/media\/362"}],"wp:attachment":[{"href":"https:\/\/bitcointalker.org\/index.php?rest_route=%2Fwp%2Fv2%2Fmedia&parent=361"}],"wp:term":[{"taxonomy":"product_brand","embeddable":true,"href":"https:\/\/bitcointalker.org\/index.php?rest_route=%2Fwp%2Fv2%2Fproduct_brand&post=361"},{"taxonomy":"product_cat","embeddable":true,"href":"https:\/\/bitcointalker.org\/index.php?rest_route=%2Fwp%2Fv2%2Fproduct_cat&post=361"},{"taxonomy":"product_tag","embeddable":true,"href":"https:\/\/bitcointalker.org\/index.php?rest_route=%2Fwp%2Fv2%2Fproduct_tag&post=361"}],"curies":[{"name":"wp","href":"https:\/\/api.w.org\/{rel}","templated":true}]}}